131357 a prime number?
True
Is 224189 a composite number?
True
Is 1637 prime?
True
Is 2186711 composite?
True
Is 161669 composite?
True
Is 141055 composite?
True
Is 157627 a composite number?
False
Is 130453 a composite number?
True
Is 2293 prime?
True
Is 89971 prime?
False
Is 37333 prime?
False
Is 78629 composite?
True
Is 7039 a prime number?
True
Is 295553 prime?
True
Is 1409519 prime?
True
Is 9293 prime?
True
Is 128903 a prime number?
True
Is 1259 a prime number?
True
Is 86627 composite?
False
Is 63029 prime?
True
Is 502667 prime?
False
Is 1361 a composite number?
False
Is 33753 a composite number?
True
Is 839807 a composite number?
True
Is 59333 a prime number?
True
Is 2092427 prime?
True
Is 978449 composite?
False
Is 42233 prime?
False
Is 66901 a composite number?
True
Is 2080057 composite?
True
Is 238881 composite?
True
Is 292555 a prime number?
False
Is 28537 prime?
True
Is 21453 a prime number?
False
Is 853357 a prime number?
True
Is 271421 composite?
True
Is 166 a prime number?
False
Is 136201 a prime number?
False
Is 4143 composite?
True
Is 319339 prime?
True
Is 46147 a prime number?
True
Is 387371 a prime number?
True
Is 136985 prime?
False
Is 251 prime?
True
Is 1110139 a prime number?
False
Is 2263 a prime number?
False
Is 37351 prime?
False
Is 87623 composite?
False
Is 7033 a composite number?
True
Is 2740631 a prime number?
True
Is 2458991 composite?
False
Is 3797 prime?
True
Is 119807 a composite number?
True
Is 49981 prime?
False
Is 99707 composite?
False
Is 263009 prime?
True
Is 100387 prime?
False
Is 47041 a prime number?
True
Is 151517 prime?
True
Is 27329 a prime number?
True
Is 591553 a composite number?
False
Is 5969 a composite number?
True
Is 35755 a composite number?
True
Is 1112777 prime?
True
Is 210391 a composite number?
False
Is 31927 a composite number?
True
Is 416071 a composite number?
False
Is 42323 composite?
False
Is 59 composite?
False
Is 3691 composite?
False
Is 84047 a composite number?
False
Is 26029 a prime number?
True
Is 6718 prime?
False
Is 324559 prime?
False
Is 50249 a prime number?
False
Is 8674 composite?
True
Is 83299 composite?
False
Is 60373 a prime number?
True
Is 381869 a composite number?
True
Is 27065 a composite number?
True
Is 842227 a prime number?
False
Is 86453 a composite number?
False
Is 3602 prime?
False
Is 7045 a composite number?
True
Is 3457 composite?
False
Is 2019 a prime number?
False
Is 169985 a prime number?
False
Is 31883 a prime number?
True
Is 64709 a composite number?
False
Is 1143887 prime?
True
Is 21179 a composite number?
False
Is 376513 prime?
False
Is 700691 composite?
True
Is 240997 a prime number?
True
Is 106853 composite?
False
Is 33199 composite?
False
Is 739909 prime?
True
Is 149269 prime?
True
Is 124715 composite?
True
Is 9411 a composite number?
True
Is 116626 composite?
True
Is 129401 prime?
True
Is 3862 a composite number?
True
Is 211277 prime?
False
Is 29919 prime?
False
Is 3615657 prime?
False
Is 93047 prime?
True
Is 1657 composite?
False
Is 15259 a composite number?
False
Is 246971 prime?
True
Is 35797 prime?
True
Is 67701 a composite number?
True
Is 291913 composite?
True
Is 44617 composite?
False
Is 1693 a composite number?
False
Is 88441 composite?
True
Is 34297 composite?
False
Is 202799 a prime number?
True
Is 17041 prime?
True
Is 6193 a composite number?
True
Is 19997 a composite number?
False
Is 27179 prime?
True
Is 1039 a prime number?
True
Is 675221 composite?
False
Is 851747 a composite number?
True
Is 165653 a prime number?
True
Is 333169 a prime number?
False
Is 235555 composite?
True
Is 40343 a prime number?
True
Is 43853 a prime number?
True
Is 115727 a composite number?
False
Is 342737 prime?
False
Is 172849 composite?
False
Is 29935 a prime number?
False
Is 38483 a composite number?
True
Is 42191 a prime number?
False
Is 1048669 prime?
False
Is 15319 prime?
True
Is 51581 a prime number?
True
Is 943 a prime number?
False
Is 164914 a composite number?
True
Is 82969 composite?
True
Is 12094 a prime number?
False
Is 18721 a prime number?
False
Is 2838697 a prime number?
True
Is 172829 a prime number?
True
Is 13477 a prime number?
True
Is 296183 a composite number?
False
Is 30421 a prime number?
False
Is 37001 a prime number?
False
Is 69959 prime?
True
Is 21635 a composite number?
True
Is 3943 composite?
False
Is 23317 composite?
True
Is 17417 a prime number?
True
Is 580913 prime?
True
Is 1399 a prime number?
True
Is 94151 a composite number?
False
Is 29069 a composite number?
True
Is 4533 composite?
True
Is 4553 composite?
True
Is 1850393 prime?
False
Is 24443 a prime number?
True
Is 587 a prime number?
True
Is 8147 a composite number?
False
Is 18187 composite?
True
Is 511 a prime number?
False
Is 26813 prime?
True
Is 6499 composite?
True
Is 28421 composite?
True
Is 53653 composite?
False
Is 16607 composite?
False
Is 631 a prime number?
True
Is 8989 a prime number?
False
Is 2400173 a prime number?
False
Is 146995 a prime number?
False
Is 19681 a prime number?
True
Is 77753 a composite number?
True
Is 7717 a composite number?
False
Is 10559 a composite number?
False
Is 109699 a prime number?
False
Is 535937 a composite number?
False
Is 38023 prime?
False
Is 118099 a composite number?
True
Is 111317 a composite number?
False
Is 145357 prime?
False
Is 31307 prime?
True
Is 6619 a prime number?
True
Is 13901 composite?
False
Is 205167 composite?
True
Is 54613 a composite number?
True
Is 4955 a composite number?
True
Is 69653 a prime number?
True
Is 6334 prime?
False
Is 436637 composite?
True
Is 167473 composite?
True
Is 383581 a composite number?
True
Is 12647 a prime number?
True
Is 137063 prime?
False
Is 525995 prime?
False
Is 14566 a composite number?
True
Is 46393 a prime number?
False
Is 29699 prime?
False
Is 116117 composite?
True
Is 4177 composite?
False
Is 5569 a composite number?
False
Is 192917 composite?
False
Is 10883 composite?
False
Is 18058 composite?
True
Is 130229 prime?
False
Is 21817 a prime number?
True
Is 2802193 a composite number?
False
Is 185587 prime?
False
Is 10267 a prime number?
True
Is 152882 a prime number?
False
Is 113681 composite?
True
Is 6899 a prime number?
True
Is 934001 a prime number?
True
Is 377257 composite?
False
Is 136259 a composite number?
True
Is 158 prime?
False
Is 1507 composite?
True
Is 73109 composite?
True
Is 414811 prime?
False
Is 10903 a composite number?
False
Is 22817 a composite number?
False
Is 5557 a prime number?
True
Is 9673 composite?
True
Is 136111 prime?
True
Is 1907 composite?
False
Is 274069 a prime number?
True
Is 163617 a prime number?
False
Is 41698 a prime number?
False
Is 1211 a prime number?
False
Is 1861 prime?
True
Is 31601 a prime number?
True
Is 163289 a composite number?
True
Is 98585 a composite number?
True
Is 230017 a prime number?
True
Is 428629 prime?
True
Is 7993 a prime number?
True
Is 31767 a composite number?
True
Is 137567 composite?
False
Is 557 prime?
True
Is 135497 a prime number?
True
Is 1187 composite?
False
Is 158569 prime?
False
Is 26149 composite?
True
Is 47597 prime?
False
Is 4829 a composite number?
True
Is 924307 prime?
False
Is 151141 prime?
True
Is 29629 a prime number?
True
Is 432074 prime?
False
Is 24997 a composite number?
True
Is 587 composite?
False
Is 571969 a composite number?
False
Is 376283 composite?
False
Is 121229 a prime number?
True
Is 22891 a prime number?
False
Is 33683 prime?
False
Is 12262 composite?
True
Is 92503 prime?
True
Is 371927 prime?
True
Is 17159 composite?
False
Is 680223 composite?
True
Is 242233 prime?
False
Is 9179 a composite number?
True
Is 151273 a composite number?
False
Is 95369 a prime number?
True
Is 980491 prime?
True
Is 76321 composite?
True
Is 24443 prime?
True
Is 7377 a prime number?
False
Is 149749 a prime number?
True
Is 5242 composite?
True
Is 9791 a composite number?
False
Is 1432383 a prime number?
False
Is 9263 prime?
False
Is 189307 a composite number?
False
Is 36443 composite?
True
Is 203141 prime?
True
Is 148721 a composite number?
False
Is 243471 a composite number?
True
Is 3109 a prime number?
True
Is 238859 a composite number?
False
Is 251857 composite?
False
Is 957791 a composite number?
True
Is 991 prime?
True
Is 89501 composite?
False
Is 9673 composite?
True
Is 14591 a composite number?
Fa